ve o(f).
54
Suppose 5*u = 1 + 44. Let a be (4/6)/((-1)/u). Let d(m) = m**3 + 7*m**2 + 6*m - 7. Calculate d(a).
-7
Let k(t) = t**2 - 2*t + 2. Let y be k(2). Let q(u) = u**3 - 4 - 6*u**y + 4 + 0*u**3 + 4*u + 5. What is q(5)?
0
Let b(q) be the third derivative of q**6/120 + q**5/15 - q**4/12 - 89*q**2. Give b(-4).
8
Let a(f) = -5*f**3 - f**2 + 1. Suppose 3*z - 4*p = 10, -15 + 2 = -4*z + 5*p. Suppose -z*y - 17 = -3*r + 3*y, r + 5*y = -21. Determine a(r).
5
Let b(t) = t**2 + 9*t + 10. Let w(s) = -s**3 + 5*s**2 + 8*s - 19. Let y be w(6). Let m be b(y). Let h(u) = u**2 + u + 1. Calculate h(m).
13
Let r(k) = -k - 9. Let o = 20 + -8. Let a be -57*1*(-4)/o. Let x = 15 - a. Calculate r(x).
-5
Let s(p) = 1 + 1 + 3*p + 2*p**2 + 0. Let n be s(-1). Let v(i) = -i**3 - i**2 + i. Give v(n).
-1
Let i(c) be the third derivative of c**5/60 + c**4/24 - 5*c**3/6 + 44*c**2. Determine i(0).
-5
Let c be (186/(-217))/(2/(-14)*2). Let t(r) be the first derivative of -r**2/2 - r - 1. Calculate t(c).
-4
Let w(a) = -5*a**2 - 7*a + 34. Let r(c) = 7*c**2 + 6*c - 39. Let p(d) = 3*r(d) + 4*w(d). Give p(8).
3
Let l(x) = x**3 + x**2 - 4. Let g be 3*-1 - (3 - 14). Let s = g + -6. Suppose m = s*m. What is l(m)?
-4
Let p(c) = -5*c - 7. Let t be (-87)/(-9) - 3 - 19/(-57). What is p(t)?
-42
Let g(m) = -4*m**2 - 49*m - 6. Let o be g(-12). Let c(x) = x**3 - 5*x**2 - 5*x - 7. What is c(o)?
-1
Let g(v) = 3*v + 2 - 1 - 6*v. Suppose -2*u - 11 = -o, 0 = -5*u - 2*o + 5*o - 27. Give g(u).
19
Suppose a - 2*a - 58 = 0. Let r be (-1)/(-6) - a/(-12)*-1. Let l(i) = 5*i - 5*i + 4 - i**2 + 5*i. Give l(r).
4
Let i(g) be the third derivative of -g**6/120 + g**5/12 + g**4/4 - g**3/6 + 9*g**2 + 3. Determine i(5).
29
Let s(y) be the first derivative of y**4/4 + 8*y**3/3 + 4*y**2 + 10*y + 2. Let j be 48/96 + (-15)/2. Give s(j).
3
Let s(v) = 3*v - 13. Let d(n) = 2*n - 1 - 1 - 5. Let x(w) = -5*d(w) + 3*s(w). Determine x(-5).
1
Let o(v) = -8 + 10 - 6 - 3*v + v + v. Let y be 1/(-4) + 34/8. Give o(y).
-8
Suppose -51*q = -47*q + 4. Let v(a) = 4*a - 2. Determine v(q).
-6
Let r(q) be the second derivative of q**3/6 - 10*q**2 - 467*q - 1. Determine r(0).
-20
Let w(r) = -7*r**3 - r**2 + 2*r - 1. Let h(o) = -66 + 2*o - o + 56. Suppose 33 = -2*a + 5*a. Let k be h(a). What is w(k)?
-7
Let m(f) be the third derivative of -f**4/24 - 5*f**3/6 - 10*f**2 + 1. Let s(n) = 3*n + 12. Let c(h) = 5*m(h) + 2*s(h). Give c(1).
0
Let u(h) be the second derivative of -h**3/3 - 3*h**2/2 - 13*h. Let a(j) be the first derivative of j**2/2 - 2*j + 4. Let f be a(-1). Determine u(f).
3
Let c(p) = -p**2 + 1. Let u(w) = -w**2 + w + 21. Let z be u(0). Let s(o) = o**3 - 2 - 51*o + 12*o + z*o + 13*o. Let l(y) = -2*c(y) + s(y). What is l(-4)?
-16
Let z(s) = 2*s + 1. Let r be 8/14 + (-76)/133. Give z(r).
1
Let y(a) = -7*a + 15. Let z(r) = 9*r - 18. Let n(s) = 6*y(s) + 5*z(s). Determine n(-2).
-6
Let a(w) = w**3 + w**2 + 1. Suppose -y + 5 = -i, 3*i + 5 = -5*y - 2. Let t(n) = -2*n**3 - 10*n**2 - 11*n + 9. Let m(l) = y*t(l) + 3*a(l). Give m(8).
-12
Let u(k) = -k + 2 - 1 + 6*k. Let l be 2/(5*8/60). Let q be (0 - l)*(-2 - (-24)/9). Determine u(q).
-9
Let u(n) = 27*n**2 + 4*n - 58. Let x(g) = -5*g**2 - g + 11. Let s(y) = -2*u(y) - 11*x(y). What is s(-5)?
5
Let a(y) be the first derivative of -y**3/3 - 5*y**2 - 12*y + 99. What is a(-8)?
4
Let w(s) = s**2 - 5*s. Let n(f) = -f**2 - 10 - 5*f + 9 + 2*f**2. Let q be n(4). Let j = 9 + q. Calculate w(j).
-4
Let f = -14 + 39. Suppose f = -5*q + 10*q. Let m(y) = 4*y + 3*y**2 + 6 - y**2 - 8*y**2 + y**3. Give m(q).
1
Let x(u) = u**3 + 10*u**2 - 9*u + 3. Let r = 325 - 336. What is x(r)?
-19
Suppose 3*q - 4 - 8 = 0. Suppose -3*u + b - 5 = 3, 3*u + q*b + 28 = 0. Let i(x) = x**2 + 2*x - 4. Calculate i(u).
4
Let p(u) be the second derivative of u**5/20 + u**4 + u**3/6 + 13*u**2/2 - 173*u. Determine p(-12).
1
Suppose 5*j + 22 = 4*f, j - 3*f + 0*f + 11 = 0. Let v = -5 - j. Let w(h) = -h**2 - 4*h. Let x(n) = -n**2 - 4*n - 1. Let y(o) = 2*w(o) - 3*x(o). Calculate y(v).
0
Let r(x) = x**2 + 8*x - 4. Let k = -45 - -58. Suppose 4*c + 19 = -k. What is r(c)?
-4
Let a(n) = 17*n**3 + n**2 - n - 1. Let b(p) = -p + 14. Let j = -12 - -14. Let m be -2*j*60/(-16). Let i be b(m). Calculate a(i).
-16
Let v(q) be the third derivative of q**8/20160 + q**7/1680 - q**6/180 - q**5/4 - 33*q**2. Let i(c) be the third derivative of v(c). Give i(-4).
0
Let g(k) be the first derivative of 3 + 5/3*k**3 + 0*k + 3/2*k**2. Suppose 2*x = -4*n - 12, 5*n - 2*x + 4 = -2. Give g(n).
14
Suppose 0 = 7*s - 55 - 106. Let t = s + -24. Let b(h) = -h + 1. What is b(t)?
2
Let v = 34 - 31. Let h(k) = -k**v - k + 0*k**2 - 5*k**2 + 9 - 4. What is h(-4)?
-7
Let c(l) = -2*l + 14. Let m be 7*(384/56 + -6). Determine c(m).
2
Let t(l) = l**2 + 4*l + 1. Let u(r) be the first derivative of 9 + 2*r + 3/2*r**2. Let x(o) = -2*t(o) + 3*u(o). What is x(3)?
-11
Let k(f) = -f**2 + f - 10. Let a(j) = -j + 3. Let y(g) = 4*a(g) + k(g). Determine y(0).
2
Let m(i) = 623*i - 1236*i + 616*i - 14. Give m(8).
10
Let x(t) be the second derivative of t**6/360 + 7*t**5/120 - t**4/8 + 5*t**3/3 - 8*t. Let j(b) be the second derivative of x(b). Determine j(-7).
-3
Let j(u) = -2 - 2*u + 5*u + 13*u - 17*u + u**2. What is j(-2)?
4
Let h(q) = -q**2 + q + 2. Let m be (-10)/(9/(9/(-2))). Suppose m*p + 10 = -5*g, 3*g - 1 = -2*p - 2. Suppose g*x + 18 = 4*l, 5*l - 4 = -4*x + l. Calculate h(x).
-4
Suppose 6 + 12 = -3*y. Let a(n) be the third derivative of -n**6/120 - n**5/10 - n**4/12 + n**3/6 - n**2 + 176*n. What is a(y)?
13
Let f(v) be the first derivative of v**2/2 + 5*v + 142. Let s(l) = -l - 17. Let k be s(-10). Calculate f(k).
-2
Let a(h) = -2. Let p(f) = f + 14. Let g(b) = -14*a(b) - 2*p(b). Calculate g(-4).
8
Let x(n) be the first derivative of -1/4*n**4 + n - 1 + 3/2*n**2 - 2/3*n**3. Suppose 4*b = 4*z - 32, 28*z - 128 = -2*b - 2*b. Determine x(b).
1
Let i be ((-4)/6)/((-8)/24). Let k = 2 - i. Let f(u) = -u**2 + u + 5. Give f(k).
5
Let d(p) = 11*p**2 + p + 1. Let y(r) = -r**2 + 6*r + 2. Let a be y(5). Suppose a + 18 = 5*h. Suppose -4*w - h = -1. Calculate d(w).
11
Let r(d) = d + 11. Let g(k) = -k - 6. Let m(b) = 7*g(b) + 6*r(b). Give m(0).
24
Let y(r) = 3*r + 38. Let j(f) = -16*f - 203. Let c(a) = 2*j(a) + 11*y(a). Determine c(-9).
3
Let c(q) be the first derivative of q**4/6 - 2*q**3/3 + q**2/2 - 20*q - 10. Let h(u) be the first derivative of c(u). Determine h(4).
17
Let m(z) be the first derivative of z**4/4 + 5*z**3/3 + 3*z**2/2 + 3*z + 5. Let i be m(-5). Let n be 6/(-4)*(-8)/i. Let y(c) = -c - 2. Calculate y(n).
-1
Let i(x) = -3*x**2 - 8*x**2 - 2*x**2 + 3*x**2. What is i(-1)?
-10
Let w(u) = u**3 + 4*u**2 + 3. Let b be w(-4). Let p be 6 + 5 + -6 - (13 - 8). Suppose b*t + t + 24 = p. Let k(i) = -i**2 - 6*i - 5. Determine k(t).
-5
Let h(r) = -7*r**2 - 2*r + 1. Let s(b) = 0 - 4*b - 6*b**2 - 9*b**2 - 1 + 3. Let v(m) = 13*h(m) - 6*s(m). Let p(t) be the first derivative of v(t). Give p(2).
-6
Let i(h) = h**3 - 7*h**2 + 5*h + 5. Let g be ((-3)/(-10))/(32/80)*8. Calculate i(g).
-1
Let w(p) = 13*p + 5. Let o = -2434 + 2432. Calculate w(o).
-21
Let q(v) be the third derivative of -v**5/60 + v**4/24 - v**3/3 + 2*v**2. Suppose -32*d + 5*p = -30*d - 24, -4*d - 8 = 4*p. Give q(d).
-4
Let g(m) = m. Let a(t) = 3*t - 83. Let y be a(28). Calculate g(y).
1
Let x(y) = -6*y**2 - 17*y + 5. Let f(l) = 2*l**2 + l + 1. Let a(z) = 4*f(z) + x(z). What is a(9)?
54
Suppose 40*x + 218 = 138. Let b(k) = -k - 5. Calculate b(x).
-3
Let k(v) = -2*v - 12. Let r(i) = i + 6. Let f(g) = 4*k(g) + 7*r(g). Let x be 6/(4 + 3 + -8). Let s be (10 + -8)/((-4)/x) + -10. What is f(s)?
1
Let y be (-160)/(-26) + 28/(-182). Suppose 0 = y*o - 5*o + 2. Let z(t) = 6*t**2 + t - 1. What is z(o)?
21
Let v(x) = -x**2 - 5*x + 1. Suppose -2*s = -97 - 3. Suppose 3*j - 2*h = -j - s, 4*j + 41 = -h. Let n = j + 5. Give v(n).
-5
Let j be -1 + 406/42 - 2/3. Let g(s) = -s**2 + 9*s - 14. Calculate g(j).
-6
Let n(r) be the first derivative of -r**4 - r**2/2 + 378. Calculate n(-1).
5
Let r(m) = 7*m + 12*m**2 - 7*m**2 - 13*m + m**3 - 5. Let k be (-57)/(-9) - (-4)/6. Let o(y) = -2*y + 8. Let v be o(k). Calculate r(v).
-5
Suppose 5*o - 25 = 2*w + 2*w, o - 5 = 0. Let t(g) = 2*g + w*g**2 + 0 + g**2 - 3. Let r = 39 - 36. What is t(r)?
12
Let g(j) = -j**3 - 6*j**2 